s the greatest common factor of 28191018 and 1590?
318
Calculate the greatest common divisor of 59767080 and 2256.
1128
Calculate the greatest common factor of 104125 and 2998375.
2125
Calculate the highest common divisor of 1407459450 and 6605.
6605
Calculate the highest common factor of 75306383 and 32905.
6581
Calculate the greatest common factor of 15458548 and 308.
28
What is the highest common divisor of 14222 and 217594?
26
Calculate the highest common divisor of 5996 and 49787786.
2998
What is the highest common divisor of 141135637 and 6306?
1051
What is the highest common divisor of 12521112 and 72?
24
What is the greatest common factor of 57514094 and 15433?
671
What is the highest common divisor of 367182910 and 310?
310
Calculate the greatest common factor of 39494 and 26192985.
2821
Calculate the greatest common divisor of 49721007 and 1869.
1869
Calculate the greatest common divisor of 825 and 2375025.
75
Calculate the highest common factor of 266042 and 2635900.
1226
What is the greatest common divisor of 14847 and 14357?
49
Calculate the greatest common divisor of 76179 and 34793337.
1137
What is the greatest common divisor of 1683265305 and 15?
15
Calculate the greatest common divisor of 106226725 and 2200.
275
What is the greatest common factor of 363642701 and 565?
113
Calculate the greatest common divisor of 816300 and 28800.
900
Calculate the greatest common factor of 57275460 and 154.
22
What is the highest common divisor of 3759007 and 28?
7
Calculate the greatest common divisor of 188957964 and 52.
52
Calculate the highest common factor of 8870 and 16570.
10
What is the highest common factor of 295868 and 855?
19
What is the greatest common divisor of 1187391 and 314?
157
What is the highest common divisor of 678 and 721711338?
678
Calculate the highest common divisor of 16417290 and 5115.
465
Calculate the greatest common factor of 574 and 80626459.
41
Calculate the highest common divisor of 863094 and 259692.
7638
What is the greatest common divisor of 10838 and 6034?
2
Calculate the greatest common factor of 285 and 155220880.
95
Calculate the highest common divisor of 375093 and 87543.
639
What is the highest common divisor of 7579939 and 861921?
3547
What is the greatest common divisor of 10320308 and 4942?
706
Calculate the highest common factor of 3406 and 14585278.
262
What is the highest common divisor of 14 and 8917433?
7
Calculate the greatest common divisor of 1529388 and 4228.
28
What is the greatest common factor of 33919 and 1541571?
317
Calculate the greatest common factor of 13931814 and 78.
78
Calculate the highest common divisor of 52 and 87269377.
13
What is the highest common factor of 8 and 290484?
4
What is the greatest common factor of 24868 and 300349487?
6217
Calculate the greatest common factor of 1060 and 2259655.
265
Calculate the highest common factor of 90 and 201049330.
10
Calculate the greatest common divisor of 53044578 and 4554.
414
What is the greatest common divisor of 130130 and 1411685?
55
Calculate the greatest common divisor of 45678 and 1180677.
993
What is the greatest common factor of 365 and 799285?
5
Calculate the highest common divisor of 1585 and 1849378.
317
Calculate the greatest common divisor of 4815 and 491451.
321
What is the greatest common divisor of 187 and 76797381?
17
Calculate the highest common factor of 821368 and 62.
2
Calculate the highest common divisor of 1001297 and 1604.
401
Calculate the greatest common divisor of 4503631 and 2486.
11
Calculate the greatest common factor of 236165 and 144235.
1585
Calculate the greatest common factor of 3726 and 815715.
9
What is the greatest common factor of 145075 and 73220?
35
What is the highest common divisor of 627493 and 32726671?
6469
What is the highest common divisor of 3200 and 4394300?
100
Calculate the greatest common factor of 81264 and 1155120.
48
What is the highest common divisor of 9745625 and 34875?
3875
What is the greatest common divisor of 2269076 and 607724?
3596
What is the greatest common factor of 32142 and 1182?
6
Calculate the highest common divisor of 762 and 7770.
6
What is the highest common factor of 1344 and 47854800?
336
Calculate the greatest common divisor of 142902 and 3942.
18
Calculate the highest common divisor of 70896 and 7994.
14
What is the greatest common divisor of 37738 and 4?
2
Calculate the greatest common factor of 802218 and 48918.
186
What is the highest common factor of 4543 and 1721335?
77
What is the greatest common divisor of 6052 and 1246191528?
6052
Calculate the highest common factor of 3617210 and 23.
23
What is the greatest common factor of 155175269 and 17?
17
Calculate the greatest common factor of 11208 and 11496.
24
What is the highest common factor of 874 and 97467169?
437
What is the highest common factor of 77210 and 636431?
1103
Calculate the highest common divisor of 6808 and 2001848.
296
What is the greatest common divisor of 3425510 and 1209274?
4598
What is the greatest common divisor of 1942 and 11395656?
1942
What is the greatest common divisor of 651 and 630633?
93
What is the highest common divisor of 293718755 and 55?
55
What is the highest common factor of 13 and 905870?
1
What is the greatest common divisor of 1375852248 and 144?
72
Calculate the greatest common divisor of 72 and 3179646.
18
Calculate the highest common factor of 1061236 and 308.
44
Calculate the greatest common divisor of 58582 and 1182.
2
What is the highest common factor of 255 and 101913640?
85
Calculate the highest common factor of 222377326 and 58904.
14726
What is the greatest common factor of 4433 and 485595253?
4433
Calculate the greatest common factor of 12 and 4027574.
2
Calculate the highest common divisor of 116415198 and 9.
9
Calculate the greatest common divisor of 288 and 147709248.
96
Calculate the greatest common factor of 3748 and 13562138.
1874
Calculate the greatest common factor of 84237846 and 462.
462
What is the highest common divisor of 80 and 60806448?
16
What is the greatest common divisor of 440794 and 6118290?
866
What is the greatest common factor of 522072 and 27314517?
7251
Calculate the greatest common factor of 99 and 10407936.
33
Calculate the highest common factor of 29154750 and 2250.
750
Calculate the greatest common divisor of 28622 and 3646703.
1301
Calculate the greatest common factor of 15405054 and 546.
42
Calculate the highest common factor of 4013968 and 36904.
56
Calculate the greatest common divisor of 350 and 241115.
35
What is the highest common divisor of 186654653 and 122309?
11119
Calculate the highest common factor of 73091211 and 527.
527
What is the greatest common factor of 84 and 58001286?
42
Calculate the greatest common divisor of 3486 and 1329826.
166
What is the highest common divisor of 3689 and 196826?
119
Calculate the highest common divisor of 443750 and 178778.
142
What is the greatest common factor of 467944 and 3799?
29
What is the greatest common factor of 166284 and 61984?
596
What is the greatest common divisor of 1072 and 38132?
4
What is the greatest common divisor of 6800376 and 104?
8
Calculate the highest common factor of 490869 and 918.
9
What is the highest common factor of 3225 and 24076775?
1075
Calculate the greatest common divisor of 80002 and 4526267.
3077
Calculate the greatest common factor of 1162085 and 740.
5
Calculate the highest common factor of 375 and 4983225.
75
Calculate the greatest common divisor of 319 and 3239648.
29
Calculate the greatest common divisor of 98748434 and 28196.
2014
What is the greatest common factor of 3264060 and 1090?
10
Calculate the highest common factor of 30231240 and 12480.
1560
Calculate the greatest common factor of 55936 and 93264540.
1748
What is the greatest common divisor of 16783904 and 48?
16
Calculate the greatest common factor of 1267 and 190484.
7
What is the highest common divisor of 39603927 and 5841?
1947
What is the highest common divisor of 6213 and 4771911?
327
Calculate the highest common divisor of 91216385 and 16084.
4021
What is the highest common divisor of 693 and 40400283?
231
Calculate the greatest common factor of 101814 and 38127.
213
What is the highest common divisor of 96456600 and 8?
8
Calculate the greatest common f